{"id":1953,"date":"2024-08-08T15:13:00","date_gmt":"2024-08-08T19:13:00","guid":{"rendered":"https:\/\/www.snpp.edu.py\/catalogo\/?page_id=1953"},"modified":"2024-08-08T15:14:58","modified_gmt":"2024-08-08T19:14:58","slug":"electronica-automotriz","status":"publish","type":"page","link":"https:\/\/www.snpp.edu.py\/catalogo\/mecanica-de-motores\/electronica-automotriz\/","title":{"rendered":"Electr\u00f3nica Automotriz"},"content":{"rendered":"\t\t<div data-elementor-type=\"wp-page\" data-elementor-id=\"1953\" class=\"elementor elementor-1953\">\n\t\t\t\t<div class=\"elementor-element elementor-element-67868a6 e-flex e-con-boxed wpr-particle-no wpr-jarallax-no wpr-parallax-no wpr-sticky-section-no e-con e-parent\" data-id=\"67868a6\" data-element_type=\"container\">\n\t\t\t\t\t<div class=\"e-con-inner\">\n\t\t\t\t<div class=\"elementor-element elementor-element-0e6aaff elementor-widget elementor-widget-heading\" data-id=\"0e6aaff\" data-element_type=\"widget\" data-widget_type=\"heading.default\">\n\t\t\t\t<div class=\"elementor-widget-container\">\n\t\t\t\t\t<h2 class=\"elementor-heading-title elementor-size-default\">Electr\u00f3nica Automotriz<\/h2>\t\t\t\t<\/div>\n\t\t\t\t<\/div>\n\t\t\t\t\t<\/div>\n\t\t\t\t<\/div>\n\t\t<div class=\"elementor-element elementor-element-7e02f73 e-flex e-con-boxed wpr-particle-no wpr-jarallax-no wpr-parallax-no wpr-sticky-section-no e-con e-parent\" data-id=\"7e02f73\" data-element_type=\"container\">\n\t\t\t\t\t<div class=\"e-con-inner\">\n\t\t<div class=\"elementor-element elementor-element-3cc08bd e-con-full e-flex wpr-particle-no wpr-jarallax-no wpr-parallax-no wpr-sticky-section-no e-con e-child\" data-id=\"3cc08bd\" data-element_type=\"container\">\n\t\t\t\t<div class=\"elementor-element elementor-element-a3399fb elementor-widget elementor-widget-embedpress_pdf\" data-id=\"a3399fb\" data-element_type=\"widget\" data-widget_type=\"embedpress_pdf.default\">\n\t\t\t\t<div class=\"elementor-widget-container\">\n\t\t\t\t\t    <div class=\"embedpress-document-embed ep-doc-e4732ad564ea6074b76279748f6df692 ose-document emebedpress-unit-percent \" data-thememode=\"default\" data-customcolor=\"\" data-toolbar=\"yes\" data-toolbar-position=\"top\" data-open=\"no\" data-presentation-mode=\"yes\" data-download=\"\" data-copy=\"\" data-add-image=\"\" data-rotate=\"yes\" data-details=\"\" data-id=\"embedpress-pdf-a3399fb\" data-selection-tool=\"0\" data-scrolling=\"0\" data-spreads=\"-1\" style=\" max-width:100%; display: inline-block\">\n        \n        \n                <div >\n                \n                    <div id=\"ep-elementor-content-a3399fb\" class=\"ep-elementor-content   ep-percentage-width   ep-content-protection-disabled\">\n                        <div id=\"a3399fb\" class=\"ep-embed-content-wraper\">\n                            <div><iframe title=\"AUTOTR\u00d3NICA\" class=\"embedpress-embed-document-pdf embedpress-pdf-a3399fb\" style=\"width: 600%!important;height: 480px;; max-width:100%; display: inline-block\" src=\"https:\/\/www.snpp.edu.py\/catalogo\/wp-admin\/admin-ajax.php?action=get_viewer&#038;file=https%3A%2F%2Fwww.snpp.edu.py%2Fcatalogo%2Fwp-content%2Fuploads%2F2024%2F08%2FAUTOTRONICA.pdf&#038;scrolling=0&#038;selection_tool=0&#038;spreads=-1#key=dGhlbWVNb2RlPWRlZmF1bHQmdG9vbGJhcj10cnVlJnBvc2l0aW9uPXRvcCZwcmVzZW50YXRpb249dHJ1ZSZsYXp5TG9hZD1mYWxzZSZkb3dubG9hZD0mY29weV90ZXh0PSZhZGRfdGV4dD1mYWxzZSZkcmF3PSZhZGRfaW1hZ2U9ZmFsc2UmcGRmX3JvdGF0aW9uPXRydWUmcGRmX2RldGFpbHM9ZmFsc2Umem9vbV9pbj10cnVlJnpvb21fb3V0PXRydWUmZml0X3ZpZXc9dHJ1ZSZib29rbWFyaz10cnVlJmZsaXBib29rX3Rvb2xiYXJfcG9zaXRpb249Ym90dG9tJnNlbGVjdGlvbl90b29sPTAmc2Nyb2xsaW5nPTAmc3ByZWFkcz0tMSZpc19wcm9fYWN0aXZlPTE=&#038;zoom=auto\" class=\"embedpress-embed-document-pdf embedpress-pdf-a3399fb\" data-emid=\"embedpress-pdf-a3399fb\" frameborder=\"0\"><\/iframe><\/div>                        <\/div> \n\n                    <\/div>\n        \n\n                   \n                <\/div>\n            \n    <\/div>\n\n\t\t\t\t<\/div>\n\t\t\t\t<\/div>\n\t\t\t\t<\/div>\n\t\t<div class=\"elementor-element elementor-element-33a263a e-con-full e-flex wpr-particle-no wpr-jarallax-no wpr-parallax-no wpr-sticky-section-no e-con e-child\" data-id=\"33a263a\" data-element_type=\"container\">\n\t\t\t\t<div class=\"elementor-element elementor-element-b76955b elementor-widget elementor-widget-embedpress_pdf\" data-id=\"b76955b\" data-element_type=\"widget\" data-widget_type=\"embedpress_pdf.default\">\n\t\t\t\t<div class=\"elementor-widget-container\">\n\t\t\t\t\t    <div class=\"embedpress-document-embed ep-doc-2d89ef66d2fce996f97e00d3c88cc25c ose-document emebedpress-unit-percent \" data-thememode=\"default\" data-customcolor=\"\" data-toolbar=\"yes\" data-toolbar-position=\"top\" data-open=\"no\" data-presentation-mode=\"yes\" data-download=\"\" data-copy=\"\" data-add-image=\"\" data-rotate=\"yes\" data-details=\"\" data-id=\"embedpress-pdf-b76955b\" data-selection-tool=\"0\" data-scrolling=\"0\" data-spreads=\"-1\" style=\" max-width:100%; display: inline-block\">\n        \n        \n                <div >\n                \n                    <div id=\"ep-elementor-content-b76955b\" class=\"ep-elementor-content   ep-percentage-width   ep-content-protection-disabled\">\n                        <div id=\"b76955b\" class=\"ep-embed-content-wraper\">\n                            <div><iframe title=\"CABLEADO DE CIRCUITOS DEL AUTOM\u00d3VIL\" class=\"embedpress-embed-document-pdf embedpress-pdf-b76955b\" style=\"width: 600%!important;height: 480px;; max-width:100%; display: inline-block\" src=\"https:\/\/www.snpp.edu.py\/catalogo\/wp-admin\/admin-ajax.php?action=get_viewer&#038;file=https%3A%2F%2Fwww.snpp.edu.py%2Fcatalogo%2Fwp-content%2Fuploads%2F2024%2F08%2FCABLEADO-DE-CIRCUITOS-DEL-AUTOMOVIL-1.pdf&#038;scrolling=0&#038;selection_tool=0&#038;spreads=-1#key=dGhlbWVNb2RlPWRlZmF1bHQmdG9vbGJhcj10cnVlJnBvc2l0aW9uPXRvcCZwcmVzZW50YXRpb249dHJ1ZSZsYXp5TG9hZD1mYWxzZSZkb3dubG9hZD0mY29weV90ZXh0PSZhZGRfdGV4dD1mYWxzZSZkcmF3PSZhZGRfaW1hZ2U9ZmFsc2UmcGRmX3JvdGF0aW9uPXRydWUmcGRmX2RldGFpbHM9ZmFsc2Umem9vbV9pbj10cnVlJnpvb21fb3V0PXRydWUmZml0X3ZpZXc9dHJ1ZSZib29rbWFyaz10cnVlJmZsaXBib29rX3Rvb2xiYXJfcG9zaXRpb249Ym90dG9tJnNlbGVjdGlvbl90b29sPTAmc2Nyb2xsaW5nPTAmc3ByZWFkcz0tMSZpc19wcm9fYWN0aXZlPTE=&#038;zoom=auto\" class=\"embedpress-embed-document-pdf embedpress-pdf-b76955b\" data-emid=\"embedpress-pdf-b76955b\" frameborder=\"0\"><\/iframe><\/div>                        <\/div> \n\n                    <\/div>\n        \n\n                   \n                <\/div>\n            \n    <\/div>\n\n\t\t\t\t<\/div>\n\t\t\t\t<\/div>\n\t\t\t\t<\/div>\n\t\t<div class=\"elementor-element elementor-element-948376f e-con-full e-flex wpr-particle-no wpr-jarallax-no wpr-parallax-no wpr-sticky-section-no e-con e-child\" data-id=\"948376f\" data-element_type=\"container\">\n\t\t\t\t<div class=\"elementor-element elementor-element-b6b7e85 elementor-widget elementor-widget-embedpress_pdf\" data-id=\"b6b7e85\" data-element_type=\"widget\" data-widget_type=\"embedpress_pdf.default\">\n\t\t\t\t<div class=\"elementor-widget-container\">\n\t\t\t\t\t    <div class=\"embedpress-document-embed ep-doc-466026003f8cd7629e482359632b81cc ose-document emebedpress-unit-percent \" data-thememode=\"default\" data-customcolor=\"\" data-toolbar=\"yes\" data-toolbar-position=\"top\" data-open=\"no\" data-presentation-mode=\"yes\" data-download=\"\" data-copy=\"\" data-add-image=\"\" data-rotate=\"yes\" data-details=\"\" data-id=\"embedpress-pdf-b6b7e85\" data-selection-tool=\"0\" data-scrolling=\"0\" data-spreads=\"-1\" style=\" max-width:100%; display: inline-block\">\n        \n        \n                <div >\n                \n                    <div id=\"ep-elementor-content-b6b7e85\" class=\"ep-elementor-content   ep-percentage-width   ep-content-protection-disabled\">\n                        <div id=\"b6b7e85\" class=\"ep-embed-content-wraper\">\n                            <div><iframe title=\"DIAGNOSTICO ELECTR\u00d3NICO AUTOMOTRIZ\" class=\"embedpress-embed-document-pdf embedpress-pdf-b6b7e85\" style=\"width: 600%!important;height: 480px;; max-width:100%; display: inline-block\" src=\"https:\/\/www.snpp.edu.py\/catalogo\/wp-admin\/admin-ajax.php?action=get_viewer&#038;file=https%3A%2F%2Fwww.snpp.edu.py%2Fcatalogo%2Fwp-content%2Fuploads%2F2024%2F08%2FDIAGNOSTICO-ELECTRONICO-AUTOMOTRIZ.pdf&#038;scrolling=0&#038;selection_tool=0&#038;spreads=-1#key=dGhlbWVNb2RlPWRlZmF1bHQmdG9vbGJhcj10cnVlJnBvc2l0aW9uPXRvcCZwcmVzZW50YXRpb249dHJ1ZSZsYXp5TG9hZD1mYWxzZSZkb3dubG9hZD0mY29weV90ZXh0PSZhZGRfdGV4dD1mYWxzZSZkcmF3PSZhZGRfaW1hZ2U9ZmFsc2UmcGRmX3JvdGF0aW9uPXRydWUmcGRmX2RldGFpbHM9ZmFsc2Umem9vbV9pbj10cnVlJnpvb21fb3V0PXRydWUmZml0X3ZpZXc9dHJ1ZSZib29rbWFyaz10cnVlJmZsaXBib29rX3Rvb2xiYXJfcG9zaXRpb249Ym90dG9tJnNlbGVjdGlvbl90b29sPTAmc2Nyb2xsaW5nPTAmc3ByZWFkcz0tMSZpc19wcm9fYWN0aXZlPTE=&#038;zoom=auto\" class=\"embedpress-embed-document-pdf embedpress-pdf-b6b7e85\" data-emid=\"embedpress-pdf-b6b7e85\" frameborder=\"0\"><\/iframe><\/div>                        <\/div> \n\n                    <\/div>\n        \n\n                   \n                <\/div>\n            \n    <\/div>\n\n\t\t\t\t<\/div>\n\t\t\t\t<\/div>\n\t\t\t\t<\/div>\n\t\t\t\t\t<\/div>\n\t\t\t\t<\/div>\n\t\t<div class=\"elementor-element elementor-element-5075755 e-flex e-con-boxed wpr-particle-no wpr-jarallax-no wpr-parallax-no wpr-sticky-section-no e-con e-parent\" data-id=\"5075755\" data-element_type=\"container\">\n\t\t\t\t\t<div class=\"e-con-inner\">\n\t\t<div class=\"elementor-element elementor-element-bfe6c93 e-con-full e-flex wpr-particle-no wpr-jarallax-no wpr-parallax-no wpr-sticky-section-no e-con e-child\" data-id=\"bfe6c93\" data-element_type=\"container\">\n\t\t\t\t<div class=\"elementor-element elementor-element-4116088 elementor-widget elementor-widget-embedpress_pdf\" data-id=\"4116088\" data-element_type=\"widget\" data-widget_type=\"embedpress_pdf.default\">\n\t\t\t\t<div class=\"elementor-widget-container\">\n\t\t\t\t\t    <div class=\"embedpress-document-embed ep-doc-4d26f2b81e9291ee24ec686c31492f54 ose-document emebedpress-unit-percent \" data-thememode=\"default\" data-customcolor=\"\" data-toolbar=\"yes\" data-toolbar-position=\"top\" data-open=\"no\" data-presentation-mode=\"yes\" data-download=\"\" data-copy=\"\" data-add-image=\"\" data-rotate=\"yes\" data-details=\"\" data-id=\"embedpress-pdf-4116088\" data-selection-tool=\"0\" data-scrolling=\"0\" data-spreads=\"-1\" style=\" max-width:100%; display: inline-block\">\n        \n        \n                <div >\n                \n                    <div id=\"ep-elementor-content-4116088\" class=\"ep-elementor-content   ep-percentage-width   ep-content-protection-disabled\">\n                        <div id=\"4116088\" class=\"ep-embed-content-wraper\">\n                            <div><iframe title=\"INYECCION ELECTRONICA COMON RAIL\" class=\"embedpress-embed-document-pdf embedpress-pdf-4116088\" style=\"width: 600%!important;height: 480px;; max-width:100%; display: inline-block\" src=\"https:\/\/www.snpp.edu.py\/catalogo\/wp-admin\/admin-ajax.php?action=get_viewer&#038;file=https%3A%2F%2Fwww.snpp.edu.py%2Fcatalogo%2Fwp-content%2Fuploads%2F2024%2F08%2FINYECCION-ELECTRONICA-COMON-RAIL.pdf&#038;scrolling=0&#038;selection_tool=0&#038;spreads=-1#key=dGhlbWVNb2RlPWRlZmF1bHQmdG9vbGJhcj10cnVlJnBvc2l0aW9uPXRvcCZwcmVzZW50YXRpb249dHJ1ZSZsYXp5TG9hZD1mYWxzZSZkb3dubG9hZD0mY29weV90ZXh0PSZhZGRfdGV4dD1mYWxzZSZkcmF3PSZhZGRfaW1hZ2U9ZmFsc2UmcGRmX3JvdGF0aW9uPXRydWUmcGRmX2RldGFpbHM9ZmFsc2Umem9vbV9pbj10cnVlJnpvb21fb3V0PXRydWUmZml0X3ZpZXc9dHJ1ZSZib29rbWFyaz10cnVlJmZsaXBib29rX3Rvb2xiYXJfcG9zaXRpb249Ym90dG9tJnNlbGVjdGlvbl90b29sPTAmc2Nyb2xsaW5nPTAmc3ByZWFkcz0tMSZpc19wcm9fYWN0aXZlPTE=&#038;zoom=auto\" class=\"embedpress-embed-document-pdf embedpress-pdf-4116088\" data-emid=\"embedpress-pdf-4116088\" frameborder=\"0\"><\/iframe><\/div>                        <\/div> \n\n                    <\/div>\n        \n\n                   \n                <\/div>\n            \n    <\/div>\n\n\t\t\t\t<\/div>\n\t\t\t\t<\/div>\n\t\t\t\t<\/div>\n\t\t<div class=\"elementor-element elementor-element-5f90ee2 e-con-full e-flex wpr-particle-no wpr-jarallax-no wpr-parallax-no wpr-sticky-section-no e-con e-child\" data-id=\"5f90ee2\" data-element_type=\"container\">\n\t\t\t\t<div class=\"elementor-element elementor-element-97372c8 elementor-widget elementor-widget-embedpress_pdf\" data-id=\"97372c8\" data-element_type=\"widget\" data-widget_type=\"embedpress_pdf.default\">\n\t\t\t\t<div class=\"elementor-widget-container\">\n\t\t\t\t\t    <div class=\"embedpress-document-embed ep-doc-fb676405de22fb317a878b3bba85a977 ose-document emebedpress-unit-percent \" data-thememode=\"default\" data-customcolor=\"\" data-toolbar=\"yes\" data-toolbar-position=\"top\" data-open=\"no\" data-presentation-mode=\"yes\" data-download=\"\" data-copy=\"\" data-add-image=\"\" data-rotate=\"yes\" data-details=\"\" data-id=\"embedpress-pdf-97372c8\" data-selection-tool=\"0\" data-scrolling=\"0\" data-spreads=\"-1\" style=\" max-width:100%; display: inline-block\">\n        \n        \n                <div >\n                \n                    <div id=\"ep-elementor-content-97372c8\" class=\"ep-elementor-content   ep-percentage-width   ep-content-protection-disabled\">\n                        <div id=\"97372c8\" class=\"ep-embed-content-wraper\">\n                            <div><iframe title=\"REFRIGERACI\u00d3N AUTOMOTRIZ\" class=\"embedpress-embed-document-pdf embedpress-pdf-97372c8\" style=\"width: 600%!important;height: 480px;; max-width:100%; display: inline-block\" src=\"https:\/\/www.snpp.edu.py\/catalogo\/wp-admin\/admin-ajax.php?action=get_viewer&#038;file=https%3A%2F%2Fwww.snpp.edu.py%2Fcatalogo%2Fwp-content%2Fuploads%2F2024%2F08%2FREFRIGERACION-AUTOMOTRIZ.pdf&#038;scrolling=0&#038;selection_tool=0&#038;spreads=-1#key=dGhlbWVNb2RlPWRlZmF1bHQmdG9vbGJhcj10cnVlJnBvc2l0aW9uPXRvcCZwcmVzZW50YXRpb249dHJ1ZSZsYXp5TG9hZD1mYWxzZSZkb3dubG9hZD0mY29weV90ZXh0PSZhZGRfdGV4dD1mYWxzZSZkcmF3PSZhZGRfaW1hZ2U9ZmFsc2UmcGRmX3JvdGF0aW9uPXRydWUmcGRmX2RldGFpbHM9ZmFsc2Umem9vbV9pbj10cnVlJnpvb21fb3V0PXRydWUmZml0X3ZpZXc9dHJ1ZSZib29rbWFyaz10cnVlJmZsaXBib29rX3Rvb2xiYXJfcG9zaXRpb249Ym90dG9tJnNlbGVjdGlvbl90b29sPTAmc2Nyb2xsaW5nPTAmc3ByZWFkcz0tMSZpc19wcm9fYWN0aXZlPTE=&#038;zoom=auto\" class=\"embedpress-embed-document-pdf embedpress-pdf-97372c8\" data-emid=\"embedpress-pdf-97372c8\" frameborder=\"0\"><\/iframe><\/div>                        <\/div> \n\n                    <\/div>\n        \n\n                   \n                <\/div>\n            \n    <\/div>\n\n\t\t\t\t<\/div>\n\t\t\t\t<\/div>\n\t\t\t\t<\/div>\n\t\t<div class=\"elementor-element elementor-element-0549952 e-con-full e-flex wpr-particle-no wpr-jarallax-no wpr-parallax-no wpr-sticky-section-no e-con e-child\" data-id=\"0549952\" data-element_type=\"container\">\n\t\t\t\t<div class=\"elementor-element elementor-element-2e741dd elementor-widget elementor-widget-embedpress_pdf\" data-id=\"2e741dd\" data-element_type=\"widget\" data-widget_type=\"embedpress_pdf.default\">\n\t\t\t\t<div class=\"elementor-widget-container\">\n\t\t\t\t\t    <div class=\"embedpress-document-embed ep-doc-11f5615ca13f301ef96be112cf0d1957 ose-document emebedpress-unit-percent \" data-thememode=\"default\" data-customcolor=\"\" data-toolbar=\"yes\" data-toolbar-position=\"top\" data-open=\"no\" data-presentation-mode=\"yes\" data-download=\"\" data-copy=\"\" data-add-image=\"\" data-rotate=\"yes\" data-details=\"\" data-id=\"embedpress-pdf-2e741dd\" data-selection-tool=\"0\" data-scrolling=\"0\" data-spreads=\"-1\" style=\" max-width:100%; display: inline-block\">\n        \n        \n                <div >\n                \n                    <div id=\"ep-elementor-content-2e741dd\" class=\"ep-elementor-content   ep-percentage-width   ep-content-protection-disabled\">\n                        <div id=\"2e741dd\" class=\"ep-embed-content-wraper\">\n                            <div><iframe title=\"SISTEMA DE TRASMISI\u00d3N AUTOM\u00c1TICA CON MANDOS ELECTR\u00d3NICOS\" class=\"embedpress-embed-document-pdf embedpress-pdf-2e741dd\" style=\"width: 600%!important;height: 480px;; max-width:100%; display: inline-block\" src=\"https:\/\/www.snpp.edu.py\/catalogo\/wp-admin\/admin-ajax.php?action=get_viewer&#038;file=https%3A%2F%2Fwww.snpp.edu.py%2Fcatalogo%2Fwp-content%2Fuploads%2F2024%2F08%2FSISTEMA-DE-TRASMISION-AUTOMATICA-CON-MANDOS-ELECTRONICOS.pdf&#038;scrolling=0&#038;selection_tool=0&#038;spreads=-1#key=dGhlbWVNb2RlPWRlZmF1bHQmdG9vbGJhcj10cnVlJnBvc2l0aW9uPXRvcCZwcmVzZW50YXRpb249dHJ1ZSZsYXp5TG9hZD1mYWxzZSZkb3dubG9hZD0mY29weV90ZXh0PSZhZGRfdGV4dD1mYWxzZSZkcmF3PSZhZGRfaW1hZ2U9ZmFsc2UmcGRmX3JvdGF0aW9uPXRydWUmcGRmX2RldGFpbHM9ZmFsc2Umem9vbV9pbj10cnVlJnpvb21fb3V0PXRydWUmZml0X3ZpZXc9dHJ1ZSZib29rbWFyaz10cnVlJmZsaXBib29rX3Rvb2xiYXJfcG9zaXRpb249Ym90dG9tJnNlbGVjdGlvbl90b29sPTAmc2Nyb2xsaW5nPTAmc3ByZWFkcz0tMSZpc19wcm9fYWN0aXZlPTE=&#038;zoom=auto\" class=\"embedpress-embed-document-pdf embedpress-pdf-2e741dd\" data-emid=\"embedpress-pdf-2e741dd\" frameborder=\"0\"><\/iframe><\/div>                        <\/div> \n\n                    <\/div>\n        \n\n                   \n                <\/div>\n            \n    <\/div>\n\n\t\t\t\t<\/div>\n\t\t\t\t<\/div>\n\t\t\t\t<\/div>\n\t\t\t\t\t<\/div>\n\t\t\t\t<\/div>\n\t\t\t\t<\/div>\n\t\t","protected":false},"excerpt":{"rendered":"<p>Electr\u00f3nica Automotriz<\/p>\n","protected":false},"author":1,"featured_media":0,"parent":1515,"menu_order":0,"comment_status":"closed","ping_status":"closed","template":"elementor_canvas","meta":{"footnotes":""},"class_list":["post-1953","page","type-page","status-publish","hentry"],"_links":{"self":[{"href":"https:\/\/www.snpp.edu.py\/catalogo\/wp-json\/wp\/v2\/pages\/1953","targetHints":{"allow":["GET"]}}],"collection":[{"href":"https:\/\/www.snpp.edu.py\/catalogo\/wp-json\/wp\/v2\/pages"}],"about":[{"href":"https:\/\/www.snpp.edu.py\/catalogo\/wp-json\/wp\/v2\/types\/page"}],"author":[{"embeddable":true,"href":"https:\/\/www.snpp.edu.py\/catalogo\/wp-json\/wp\/v2\/users\/1"}],"replies":[{"embeddable":true,"href":"https:\/\/www.snpp.edu.py\/catalogo\/wp-json\/wp\/v2\/comments?post=1953"}],"version-history":[{"count":4,"href":"https:\/\/www.snpp.edu.py\/catalogo\/wp-json\/wp\/v2\/pages\/1953\/revisions"}],"predecessor-version":[{"id":1963,"href":"https:\/\/www.snpp.edu.py\/catalogo\/wp-json\/wp\/v2\/pages\/1953\/revisions\/1963"}],"up":[{"embeddable":true,"href":"https:\/\/www.snpp.edu.py\/catalogo\/wp-json\/wp\/v2\/pages\/1515"}],"wp:attachment":[{"href":"https:\/\/www.snpp.edu.py\/catalogo\/wp-json\/wp\/v2\/media?parent=1953"}],"curies":[{"name":"wp","href":"https:\/\/api.w.org\/{rel}","templated":true}]}}